{"id":74,"date":"2017-11-08T16:22:27","date_gmt":"2017-11-08T15:22:27","guid":{"rendered":"http:\/\/physiopraxis-eichinger.de\/wordpress\/?page_id=74"},"modified":"2017-11-14T15:24:35","modified_gmt":"2017-11-14T14:24:35","slug":"narbenentstoerung","status":"publish","type":"page","link":"https:\/\/physiopraxis-eichinger.de\/wordpress\/alternative-physiotherapie\/narbenentstoerung\/","title":{"rendered":"Narbenentst\u00f6rung"},"content":{"rendered":"<h5>Narbenentst\u00f6rung<\/h5>\n<div id=\"page\">\n<div id=\"innen\">\n<div id=\"content2200\">\n<div id=\"text2200\">\n<h6><strong>Was ist eine Narbe?<\/strong><\/h6>\n<p>Bindegewebiges, geschrumpftes und derbes Granulationsgewebe einer geheilten Wunde.<\/p>\n<h6><strong>Wodurch entstehen Narben?<\/strong><\/h6>\n<p>Verletzungen durch Unf\u00e4lle, Impfungen, T\u00e4towierungen, Operationen aller Art wie z.B Blinddarm, Mandeln, Zahnextraktionen, operativ versorgte Knochenbr\u00fcche, Kaiserschnitt, u.v.m.<\/p>\n<h6><strong>Auswirkungen von Narben<\/strong><\/h6>\n<p>Narben k\u00f6nnen die Funktionen der betroffenen Stellen wie zb Muskel und Gelenke beeintr\u00e4chtigen und unseren Energiekreislauf st\u00f6ren. In diesem Fall spricht man von einem ST\u00d6RFELD welches k\u00f6rperliche und seelische Beschwerden hervorrufen kann.<\/p>\n<p><center><strong>Eine Entst\u00f6rung solcher Narben ist dann Voraussetzung<br \/>\nf\u00fcr weitere Behandlungserfolge im Sinne von Krankengymnastik und Massagen.<\/strong><\/center><\/p>\n<h6><strong>Die fachgerechte Narbenentst\u00f6rung umfasst:<\/strong><\/h6>\n<ul>\n<li>derbe,knotige und geschrumpfte Narben wieder weich und somit das betroffene Gewebe funktionsf\u00e4hig zu machen<\/li>\n<li>gef\u00fchllose ,taube Narben wieder Empfindung zu verleihen<\/li>\n<li>schmerzhafte, juckende oder kribbelnde Narben zu beruhigen<\/li>\n<li>Blockaden im Energieflu\u00df des Narbengebietes beseitigen damit der Energiekreislauf frei fliessen kann<\/li>\n<\/ul>\n<\/div>\n<\/div>\n<\/div>\n<\/div>\n","protected":false},"excerpt":{"rendered":"<p>Narbenentst\u00f6rung Was ist eine Narbe? Bindegewebiges, geschrumpftes und derbes Granulationsgewebe einer geheilten Wunde. Wodurch entstehen Narben? Verletzungen durch Unf\u00e4lle, Impfungen, T\u00e4towierungen, Operationen aller Art wie z.B Blinddarm, Mandeln, Zahnextraktionen, operativ versorgte Knochenbr\u00fcche, Kaiserschnitt, u.v.m. Auswirkungen von Narben Narben k\u00f6nnen die Funktionen der betroffenen Stellen wie zb Muskel und Gelenke beeintr\u00e4chtigen &hellip;<\/p>\n","protected":false},"author":1,"featured_media":0,"parent":44,"menu_order":0,"comment_status":"closed","ping_status":"closed","template":"","meta":{"ngg_post_thumbnail":0,"jetpack_post_was_ever_published":false,"footnotes":""},"class_list":["post-74","page","type-page","status-publish","hentry"],"jetpack_sharing_enabled":true,"jetpack_shortlink":"https:\/\/wp.me\/P9mn1c-1c","_links":{"self":[{"href":"https:\/\/physiopraxis-eichinger.de\/wordpress\/wp-json\/wp\/v2\/pages\/74","targetHints":{"allow":["GET"]}}],"collection":[{"href":"https:\/\/physiopraxis-eichinger.de\/wordpress\/wp-json\/wp\/v2\/pages"}],"about":[{"href":"https:\/\/physiopraxis-eichinger.de\/wordpress\/wp-json\/wp\/v2\/types\/page"}],"author":[{"embeddable":true,"href":"https:\/\/physiopraxis-eichinger.de\/wordpress\/wp-json\/wp\/v2\/users\/1"}],"replies":[{"embeddable":true,"href":"https:\/\/physiopraxis-eichinger.de\/wordpress\/wp-json\/wp\/v2\/comments?post=74"}],"version-history":[{"count":5,"href":"https:\/\/physiopraxis-eichinger.de\/wordpress\/wp-json\/wp\/v2\/pages\/74\/revisions"}],"predecessor-version":[{"id":333,"href":"https:\/\/physiopraxis-eichinger.de\/wordpress\/wp-json\/wp\/v2\/pages\/74\/revisions\/333"}],"up":[{"embeddable":true,"href":"https:\/\/physiopraxis-eichinger.de\/wordpress\/wp-json\/wp\/v2\/pages\/44"}],"wp:attachment":[{"href":"https:\/\/physiopraxis-eichinger.de\/wordpress\/wp-json\/wp\/v2\/media?parent=74"}],"curies":[{"name":"wp","href":"https:\/\/api.w.org\/{rel}","templated":true}]}}