{"id":72,"date":"2017-11-08T16:21:58","date_gmt":"2017-11-08T15:21:58","guid":{"rendered":"http:\/\/physiopraxis-eichinger.de\/wordpress\/?page_id=72"},"modified":"2017-11-14T15:21:23","modified_gmt":"2017-11-14T14:21:23","slug":"matrix-rhythmus-therapie","status":"publish","type":"page","link":"https:\/\/physiopraxis-eichinger.de\/wordpress\/alternative-physiotherapie\/matrix-rhythmus-therapie\/","title":{"rendered":"Matrix-Rhythmus-Therapie"},"content":{"rendered":"<h5>Matrix-Rhythmus-Therapie<\/h5>\n<h4 align=\"center\">&#8230;.die Heilung und Schmerzlinderung beginnt durch Taktung einzelner Zellen<\/h4>\n<p>Die Matrix-Rhythmus-Therapie wurde aus der zellbiologischen Grundlagenforschung an der Universit\u00e4t Erlangen von Dr. Randoll entwickelt.<\/p>\n<p style=\"text-align: center;\"><strong>Sie ist eine neue kausale und ganzheitliche Therapieform<\/strong><br \/>\n<strong> zur nachhaltigen Behandlung chronischer Erkrankungen des Nerven-, St\u00fctz- und Bewegungsapparates.<\/strong><\/p>\n<p>Die gesunde Skelettmuskulatur zittert nicht nur in Extremsituationen, wie Sch\u00fcttelfrost, Fieber, Anspannung und Angst, sondern sie befindet sich bereits beim entspannten Muskel zeitlebens in einer gleichm\u00e4\u00dfigen Bereitschaftsschwingung. mit einer Eigenfrequenz von 8 bis 12 Hz.<br \/>\n<strong>St\u00f6rungen der Eigenfrequenz<\/strong> k\u00f6nnen auftreten durch:<\/p>\n<ul>\n<li>\u00dcberlastungen<\/li>\n<li>Fehlbelastungen<\/li>\n<li>Traumen<\/li>\n<li>\u00dcbers\u00e4uerung<\/li>\n<li>Emotionen<\/li>\n<li>Stress<\/li>\n<li>uvm &#8230;<\/li>\n<\/ul>\n<p>Wenn diese Eigenschwingung gest\u00f6rt ist wird der Stoffwechsel vermindert und die Zelle \u201ekrank\u201d. Somit k\u00f6nnen Probleme f\u00fcr das gesamte Muskel-, Knochen-, Gef\u00e4\u00df- und Nervensystem im Sinne einer gest\u00f6rten Selbstheilung entstehen.<\/p>\n<p style=\"text-align: center;\"><strong>Durch die Mikrovibration der MaRhyThe werden die Zellen der Skelettmuskulatur<br \/>\nmit einem speziellen mechano-magnetischen Resonator wieder in ihre \u201egesunde\u201d Eigenschwingung zur\u00fcckgef\u00fchrt.<\/strong><\/p>\n<p>Dadurch beschleunigt und verbessert sich der Stoffwechsel von den Blutgef\u00e4\u00dfen &#8211; \u00fcber die extrazellul\u00e4re Matrix &#8211; in die Zellen. Sauerstoff und N\u00e4hrstoffe werden zur Zelle hintransportiert, Stoffwechselendprodukte von der Zelle wegtransportiert.<\/p>\n<p style=\"text-align: center;\"><strong>Nur wenn die Mikroprozesse auf zellul\u00e4rer Ebene optimal laufen,<\/strong><br \/>\n<strong> k\u00f6nnen \u00dcbungen im Makrobereich des gesamten Muskels (wie zB Dehnungen und Kr\u00e4ftigung) dauerhafte Erfolge erzielen.<\/strong><\/p>\n<p>&nbsp;<\/p>\n<table style=\"height: 616px;\" width=\"800\" border=\"0\" cellspacing=\"20\" cellpadding=\"10\">\n<colgroup>\n<col width=\"320\">\n<col width=\"320\"> <\/colgroup>\n<thead>\n<tr>\n<th align=\"left\"><strong>Indikationen<\/strong><\/th>\n<th align=\"left\"><strong>Kontraindikationen<\/strong><\/th>\n<\/tr>\n<\/thead>\n<tbody>\n<tr>\n<td valign=\"top\" align=\"left\">Gliederschmerzen (Schulter, H\u00fcfte, Knie, Ellbogen)<br \/>\nMuskul\u00e4re Verspannungen<br \/>\nSchulter-Arm-Syndrom<br \/>\nSehnenreizungen<br \/>\nB\u00e4nder\u00fcberdehnungen<br \/>\nL\u00e4hmungen (Spastik)<br \/>\nSpannungskopfschmerz<br \/>\nWirbelverschiebungen, Blockaden<br \/>\nBandscheibenprobleme<br \/>\n\u00d6deme, Narben<br \/>\nWundheilungsst\u00f6rungen<br \/>\nDarmtr\u00e4gheit (Verstopfung)<br \/>\nPsycho-vegetative Ersch\u00f6pfung,<br \/>\nBurn-Out-Syndrom<br \/>\nChronisch abbauende Erkrankungen (zb. Multiple Sklerose)<br \/>\nBegleittherapie bei Depressionen<\/td>\n<td valign=\"top\" align=\"left\">Offene, entz\u00fcndete Hautoberfl\u00e4chen<br \/>\nFrische Frakturen<br \/>\nVerst\u00e4rkte Blutungsneigung<br \/>\nEmbolieneigung<br \/>\nHerzschrittmacher<\/td>\n<\/tr>\n<\/tbody>\n<\/table>\n<h4 align=\"center\">Die Matrix-Rhythmus-Therapie:<br \/>\neine wohltuende Basisbehandlung f\u00fcr Mensch und Tier!<\/h4>\n","protected":false},"excerpt":{"rendered":"<p>Matrix-Rhythmus-Therapie &#8230;.die Heilung und Schmerzlinderung beginnt durch Taktung einzelner Zellen Die Matrix-Rhythmus-Therapie wurde aus der zellbiologischen Grundlagenforschung an der Universit\u00e4t Erlangen von Dr. Randoll entwickelt. Sie ist eine neue kausale und ganzheitliche Therapieform zur nachhaltigen Behandlung chronischer Erkrankungen des Nerven-, St\u00fctz- und Bewegungsapparates. Die gesunde Skelettmuskulatur zittert nicht nur in &hellip;<\/p>\n","protected":false},"author":1,"featured_media":0,"parent":44,"menu_order":0,"comment_status":"closed","ping_status":"closed","template":"","meta":{"ngg_post_thumbnail":0,"jetpack_post_was_ever_published":false,"footnotes":""},"class_list":["post-72","page","type-page","status-publish","hentry"],"jetpack_sharing_enabled":true,"jetpack_shortlink":"https:\/\/wp.me\/P9mn1c-1a","_links":{"self":[{"href":"https:\/\/physiopraxis-eichinger.de\/wordpress\/wp-json\/wp\/v2\/pages\/72","targetHints":{"allow":["GET"]}}],"collection":[{"href":"https:\/\/physiopraxis-eichinger.de\/wordpress\/wp-json\/wp\/v2\/pages"}],"about":[{"href":"https:\/\/physiopraxis-eichinger.de\/wordpress\/wp-json\/wp\/v2\/types\/page"}],"author":[{"embeddable":true,"href":"https:\/\/physiopraxis-eichinger.de\/wordpress\/wp-json\/wp\/v2\/users\/1"}],"replies":[{"embeddable":true,"href":"https:\/\/physiopraxis-eichinger.de\/wordpress\/wp-json\/wp\/v2\/comments?post=72"}],"version-history":[{"count":12,"href":"https:\/\/physiopraxis-eichinger.de\/wordpress\/wp-json\/wp\/v2\/pages\/72\/revisions"}],"predecessor-version":[{"id":330,"href":"https:\/\/physiopraxis-eichinger.de\/wordpress\/wp-json\/wp\/v2\/pages\/72\/revisions\/330"}],"up":[{"embeddable":true,"href":"https:\/\/physiopraxis-eichinger.de\/wordpress\/wp-json\/wp\/v2\/pages\/44"}],"wp:attachment":[{"href":"https:\/\/physiopraxis-eichinger.de\/wordpress\/wp-json\/wp\/v2\/media?parent=72"}],"curies":[{"name":"wp","href":"https:\/\/api.w.org\/{rel}","templated":true}]}}