{"id":46,"date":"2017-11-08T16:02:56","date_gmt":"2017-11-08T15:02:56","guid":{"rendered":"http:\/\/physiopraxis-eichinger.de\/wordpress\/?page_id=46"},"modified":"2017-11-14T15:05:17","modified_gmt":"2017-11-14T14:05:17","slug":"akupressur-akupunktmassage","status":"publish","type":"page","link":"https:\/\/physiopraxis-eichinger.de\/wordpress\/alternative-physiotherapie\/akupressur-akupunktmassage\/","title":{"rendered":"Akupressur \/ Akupunktmassage"},"content":{"rendered":"<h5>Akupressur \/ Akupunktmassage<\/h5>\n<p>Die <strong>Akupressur<\/strong>, auch chinesische Druckpunktmassage genannt, ist eines der \u00e4ltesten Heilverfahren der Menschheit. Der Begriff setzt sich aus den lateinischen W\u00f6rtern \u201eacus\u201d f\u00fcr Spitze, Nadel, Punkt und \u201epressum\u201d f\u00fcr dr\u00fccken zusammen.<br \/>\nW\u00f6rtlich \u00fcbersetzt hei\u00dft Akupressur \u201ePunktdr\u00fccken\u201d.<\/p>\n<p>Die <strong>Akupressur <\/strong>ist wie die Akupunktur eine traditionelle chinesische Heilmethode, die bereits vor \u00fcber 6000 Jahren in China angewendet wurde. Sie ist wahrscheinlich die historisch \u00e4ltere Methode und ist sanfter als Akupunktur, da die einzelnen <i>AKUPUNKTURPUNKTE mittels DRUCK<\/i> und nicht durch Stechen angeregt oder beruhigt werden.<br \/>\nDurch den Druck auf die Akupressurpunkte entsteht eine Art elektrischer Strom, der Signale durch das Netz der Muskelh\u00e4ute (Faszien) schickt und so Organe und Gewebe, die ganz woanders liegen, reflektorisch beeinflu\u00dft.<br \/>\nIn China werden die 361 Akupressurpunkte mit poetischen Namen (z. B. Meer der Energie, Sonnendurchflutetes Tal) belegt, bei uns werden die einzelnen Punkte mit einer Buchstaben-Zahlen-Kombination gekennzeichnet.<br \/>\nZu den theoretischen Grundlagen dieses Systems von Bahnen und Punkten geh\u00f6ren die Vorstellungen von Yin und Yang und Qi (Ch&#8217;i), der Lebensenergie, die im Organismus zirkuliert.<\/p>\n<h6><strong>Wirkungsweise der Akupressur<\/strong><\/h6>\n<p>Die chinesischen \u00c4rzte sahen den Menschen in einer intensiven Wechselbeziehung zu der ihn umgebenden Natur. Alle Lebensvorg\u00e4nge sowohl im Menschen als auch in der Natur betrachtete man als geordnetes Flie\u00dfen einer Lebensenergie, von den Chinesen QI genannt.<br \/>\nDie Lebensenergie flie\u00dft im menschlichen K\u00f6rper st\u00e4ndig durch ein System von \u201eKan\u00e4len\u201d, die in der westlichen Welt Meridiane genannt werden. Die Meridiane wurden in der Antike mit den gro\u00dfen Fl\u00fcssen in China verglichen, die das lebensnotwendige Wasser f\u00fcr die Bew\u00e4sserung heranf\u00fchren. \u00c4hnlich sah man die Aufgabe der Meridiane als Transportgef\u00e4\u00dfe f\u00fcr die Lebenskr\u00e4fte.<br \/>\nDie chinesische Medizin kennt ein System von 12 Hauptmeridianen, die mit inneren Organen wie Herz, Lunge, Niere, Magen usw. in Verbindung stehen und nach den entsprechenden Organen benannt sind: Herzmeridian, Lungenmeridian, Nierenmeridian, Magenmeridian usw.<\/p>\n<h6><strong>Krankheit ist eine Energieflu\u00dfst\u00f6rung<\/strong><\/h6>\n<p>Das Flie\u00dfen der Lebensenergie durch die Meridiane ist nach chinesischer Vorstellung bei Krankheiten gest\u00f6rt. Entweder liegt eine F\u00fclle oder Leere der Lebensenergie in den Meridianen und Organen vor, auch eine Blockade ist m\u00f6glich.<br \/>\nBei Kopfschmerzen z.B. liegt eine Blockade vor und folglich meist eine F\u00fclle der Lebensenergie, die zu Spannungsgef\u00fchlen und Schmerzen f\u00fchrt. Solche Blockaden und F\u00fclle- bzw. Schw\u00e4chest\u00f6rungen lassen sich durch Akupunktur oder Akupressur von besonderen Meridianpunkten dauerhaft beheben. Bei der Akupunktur geschieht dies durch das Stechen von Nadeln in Punkte, bei der Akupressur massiert man diese Akupunkturpunkte.Die <strong>Akupunktmassage <\/strong>wirkt ausgleichend auf die Energiest\u00f6rungen der Meridiane.<br \/>\n<strong>Mit Hilfe der Finger oder des Akupunkt-Massagest\u00e4bchens werden die Meridiane in Energieflussrichtung ausgestrichen.<\/strong><br \/>\n&nbsp; <img loading=\"lazy\" decoding=\"async\" class=\"size-medium wp-image-209 alignleft\" src=\"https:\/\/physiopraxis-eichinger.de\/wordpress\/wp-content\/uploads\/2017\/11\/akupunkt-300x225.jpg\" alt=\"\" width=\"300\" height=\"225\" srcset=\"https:\/\/physiopraxis-eichinger.de\/wordpress\/wp-content\/uploads\/2017\/11\/akupunkt-300x225.jpg 300w, https:\/\/physiopraxis-eichinger.de\/wordpress\/wp-content\/uploads\/2017\/11\/akupunkt-768x576.jpg 768w, https:\/\/physiopraxis-eichinger.de\/wordpress\/wp-content\/uploads\/2017\/11\/akupunkt.jpg 1024w, https:\/\/physiopraxis-eichinger.de\/wordpress\/wp-content\/uploads\/2017\/11\/akupunkt-267x200.jpg 267w\" sizes=\"auto, (max-width: 300px) 100vw, 300px\" \/>St\u00f6rungen der Lebensenergie in den Meridianen und Organen treten durch verschiedene k\u00f6rperliche und psychische Blockaden auf. Ursachen von St\u00f6rungen der Lebensenergie, durch falsche Ern\u00e4hrung oder durch \u00fcberm\u00e4\u00dfige psychische Belastungen kommen als Krankheitsursache in Frage.<br \/>\nEin \u00fcberma\u00df an Angst, Wut, Zorn, Gr\u00fcbeln, Erregung oder Traurigkeit f\u00fchrt zu einer Schw\u00e4chung bzw. Blockade der Energie einzelner Organe und Meridiane und so zu krankhaften St\u00f6rungen. Wut und Zorn f\u00fchren h\u00e4ufig zu einer Blockade sowie einer begleitenden F\u00fcllest\u00f6rung im Verlauf des Gallenblasenmeridians des Kopfes, was Spannungsgef\u00fchle und Kopfschmerzen bedingt.<\/p>\n<h6><strong>Hauptanwendungsgebiet der Akupressur und der Akupunktmassage<\/strong><\/h6>\n<p>Behandlung von leichten und mittelschweren Schmerzzust\u00e4nden wie Kopfschmerzen, Gesichts- und Zahnschmerzen, Nacken- und Schulterschmerzen, Ischialgien und Lumbalgien.<br \/>\nViele vegetative und psychosomatische St\u00f6rungen lassen sich ebenfalls positiv beeinflussen, wie z.B. Nervosit\u00e4t, Angstzust\u00e4nde, Depressionen, innere Unruhe, Schlafst\u00f6rungen, Verstopfung, Menstruationsst\u00f6rungen aber auch \u00dcbelkeit, Brechreiz und Seekrankheit.<\/p>\n","protected":false},"excerpt":{"rendered":"<p>Akupressur \/ Akupunktmassage Die Akupressur, auch chinesische Druckpunktmassage genannt, ist eines der \u00e4ltesten Heilverfahren der Menschheit. Der Begriff setzt sich aus den lateinischen W\u00f6rtern \u201eacus\u201d f\u00fcr Spitze, Nadel, Punkt und \u201epressum\u201d f\u00fcr dr\u00fccken zusammen. W\u00f6rtlich \u00fcbersetzt hei\u00dft Akupressur \u201ePunktdr\u00fccken\u201d. Die Akupressur ist wie die Akupunktur eine traditionelle chinesische Heilmethode, die &hellip;<\/p>\n","protected":false},"author":1,"featured_media":0,"parent":44,"menu_order":0,"comment_status":"closed","ping_status":"closed","template":"","meta":{"ngg_post_thumbnail":0,"jetpack_post_was_ever_published":false,"footnotes":""},"class_list":["post-46","page","type-page","status-publish","hentry"],"jetpack_sharing_enabled":true,"jetpack_shortlink":"https:\/\/wp.me\/P9mn1c-K","_links":{"self":[{"href":"https:\/\/physiopraxis-eichinger.de\/wordpress\/wp-json\/wp\/v2\/pages\/46","targetHints":{"allow":["GET"]}}],"collection":[{"href":"https:\/\/physiopraxis-eichinger.de\/wordpress\/wp-json\/wp\/v2\/pages"}],"about":[{"href":"https:\/\/physiopraxis-eichinger.de\/wordpress\/wp-json\/wp\/v2\/types\/page"}],"author":[{"embeddable":true,"href":"https:\/\/physiopraxis-eichinger.de\/wordpress\/wp-json\/wp\/v2\/users\/1"}],"replies":[{"embeddable":true,"href":"https:\/\/physiopraxis-eichinger.de\/wordpress\/wp-json\/wp\/v2\/comments?post=46"}],"version-history":[{"count":7,"href":"https:\/\/physiopraxis-eichinger.de\/wordpress\/wp-json\/wp\/v2\/pages\/46\/revisions"}],"predecessor-version":[{"id":320,"href":"https:\/\/physiopraxis-eichinger.de\/wordpress\/wp-json\/wp\/v2\/pages\/46\/revisions\/320"}],"up":[{"embeddable":true,"href":"https:\/\/physiopraxis-eichinger.de\/wordpress\/wp-json\/wp\/v2\/pages\/44"}],"wp:attachment":[{"href":"https:\/\/physiopraxis-eichinger.de\/wordpress\/wp-json\/wp\/v2\/media?parent=46"}],"curies":[{"name":"wp","href":"https:\/\/api.w.org\/{rel}","templated":true}]}}