{"id":42,"date":"2017-11-08T16:01:45","date_gmt":"2017-11-08T15:01:45","guid":{"rendered":"http:\/\/physiopraxis-eichinger.de\/wordpress\/?page_id=42"},"modified":"2017-11-10T11:29:02","modified_gmt":"2017-11-10T10:29:02","slug":"anfahrt","status":"publish","type":"page","link":"https:\/\/physiopraxis-eichinger.de\/wordpress\/anfahrt\/","title":{"rendered":"Anfahrt"},"content":{"rendered":"<h5>Anfahrt zur Praxis<\/h5>\n<p>Raitersaich ist ein Ortsteil des Marktes Ro\u00dftal. Der Markt Ro\u00dftal liegt auf halben Weg zwischen N\u00fcrnberg und Ansbach.<br \/>\nSie erreichen Raitersaich, indem Sie der Bundesstra\u00dfe 14 folgen, diese in Buchschwabach verlassen und dem Wegweiser Richtung Raitersaich folgen.<br \/>\nAlternativ k\u00f6nnen Sie auch die Ausfahrt M\u00fcncherlbach nehmen und dort dem Wegweiser Richtung Raitersaich folgen.<br \/>\nVon Ro\u00dftal aus erreichen Sie Raitersaich \u00fcber Clarsbach.<br \/>\nIn Raitersaich erreichen Sie meine Praxis indem Sie entweder von der M\u00fcncherlbacher Stra\u00dfe oder der Dorfstra\u00dfe in die Anliegerstra\u00dfe \u201eIm G\u00e4\u00dflein\u201d einbiegen.<br \/>\nVor der Praxis mit der Hausnummer 8a befinden sich 2 Parkpl\u00e4tze, die Sie gerne ben\u00fctzen d\u00fcrfen.<\/p>\n<p><strong><span style=\"font-size: 0.9em;\">&nbsp;<\/span><\/strong><\/p>\n<p><iframe loading=\"lazy\" src=\"http:\/\/maps.google.de\/maps?f=q&amp;source=s_q&amp;hl=de&amp;geocode=&amp;q=Im+G%C3%A4%C3%9Flein+8a,+Ro%C3%9Ftal&amp;aq=2&amp;sll=51.151786,10.415039&amp;sspn=20.974838,39.067383&amp;ie=UTF8&amp;hq=&amp;hnear=Im+G%C3%A4%C3%9Flein+8,+Raitersaich+90574+Ro%C3%9Ftal,+F%C3%BCrth,+Bayern&amp;ll=49.37209,10.844536&amp;spn=0.055888,0.21595&amp;z=12&amp;output=embed\" marginwidth=\"0\" marginheight=\"0\" scrolling=\"no\" width=\"630\" height=\"280\" frameborder=\"0\"><\/iframe><\/p>\n<p><strong><a href=\"http:\/\/maps.google.de\/maps?f=q&amp;source=embed&amp;hl=de&amp;geocode=&amp;q=Im+G%C3%A4%C3%9Flein+8a,+Ro%C3%9Ftal&amp;aq=2&amp;sll=51.151786,10.415039&amp;sspn=20.974838,39.067383&amp;ie=UTF8&amp;hq=&amp;hnear=Im+G%C3%A4%C3%9Flein+8,+Raitersaich+90574+Ro%C3%9Ftal,+F%C3%BCrth,+Bayern&amp;ll=49.37209,10.844536&amp;spn=0.055888,0.21595&amp;z=12\" target=\"_blank\" rel=\"noopener\">Gr\u00f6\u00dfere Karte <\/a>(\u00f6ffnet ein neues Fenster mit Google Maps und Routenplaner)<\/strong><\/p>\n","protected":false},"excerpt":{"rendered":"<p>Anfahrt zur Praxis Raitersaich ist ein Ortsteil des Marktes Ro\u00dftal. Der Markt Ro\u00dftal liegt auf halben Weg zwischen N\u00fcrnberg und Ansbach. Sie erreichen Raitersaich, indem Sie der Bundesstra\u00dfe 14 folgen, diese in Buchschwabach verlassen und dem Wegweiser Richtung Raitersaich folgen. Alternativ k\u00f6nnen Sie auch die Ausfahrt M\u00fcncherlbach nehmen und dort &hellip;<\/p>\n","protected":false},"author":1,"featured_media":0,"parent":0,"menu_order":0,"comment_status":"closed","ping_status":"closed","template":"","meta":{"ngg_post_thumbnail":0,"jetpack_post_was_ever_published":false,"footnotes":""},"class_list":["post-42","page","type-page","status-publish","hentry"],"jetpack_sharing_enabled":true,"jetpack_shortlink":"https:\/\/wp.me\/P9mn1c-G","_links":{"self":[{"href":"https:\/\/physiopraxis-eichinger.de\/wordpress\/wp-json\/wp\/v2\/pages\/42","targetHints":{"allow":["GET"]}}],"collection":[{"href":"https:\/\/physiopraxis-eichinger.de\/wordpress\/wp-json\/wp\/v2\/pages"}],"about":[{"href":"https:\/\/physiopraxis-eichinger.de\/wordpress\/wp-json\/wp\/v2\/types\/page"}],"author":[{"embeddable":true,"href":"https:\/\/physiopraxis-eichinger.de\/wordpress\/wp-json\/wp\/v2\/users\/1"}],"replies":[{"embeddable":true,"href":"https:\/\/physiopraxis-eichinger.de\/wordpress\/wp-json\/wp\/v2\/comments?post=42"}],"version-history":[{"count":5,"href":"https:\/\/physiopraxis-eichinger.de\/wordpress\/wp-json\/wp\/v2\/pages\/42\/revisions"}],"predecessor-version":[{"id":152,"href":"https:\/\/physiopraxis-eichinger.de\/wordpress\/wp-json\/wp\/v2\/pages\/42\/revisions\/152"}],"wp:attachment":[{"href":"https:\/\/physiopraxis-eichinger.de\/wordpress\/wp-json\/wp\/v2\/media?parent=42"}],"curies":[{"name":"wp","href":"https:\/\/api.w.org\/{rel}","templated":true}]}}