{"id":185,"date":"2017-11-10T12:39:43","date_gmt":"2017-11-10T11:39:43","guid":{"rendered":"http:\/\/physiopraxis-eichinger.de\/wordpress\/?page_id=185"},"modified":"2018-09-14T18:11:14","modified_gmt":"2018-09-14T16:11:14","slug":"bachbluetentherapie","status":"publish","type":"page","link":"https:\/\/physiopraxis-eichinger.de\/wordpress\/alternative-physiotherapie\/bachbluetentherapie\/","title":{"rendered":"Bachbl\u00fctentherapie"},"content":{"rendered":"<h5>Bachbl\u00fctentherapie<\/h5>\n<p>Auf der Suche nach einer nat\u00fcrlichen, nebenwirkungsfreien und g\u00fcnstigen Medizin entwickelte der englische Arzt Edward Bach um 1930 die Bachbl\u00fctentherapie. Dabei handelt es sich um eine ganzheitliche Heilmethode, die mit Hilfe von Essenzen aus den Bl\u00fcten wildwachsender Pflanzen Krankheiten entgegenwirken.<\/p>\n<h6><strong>Wie funktioniert die Bachbl\u00fctentherapie?<\/strong><\/h6>\n<p>Der Bachbl\u00fcten-Gedanke geht davon aus, dass jedes Lebewesen von einem unsichtbaren Energiefeld umgeben ist. Leidet die Seele, wird dieses Feld zerst\u00f6rt und der Mensch wird krank.<br \/>\nMit den Essenzen verschiedener Bl\u00fcten- und Naturstoffe wird das gest\u00f6rte Energiefeld wieder harmonisiert und dadurch Krankheiten entsprechend geheilt.&nbsp;<br \/>\nDr.Edward Bach w\u00e4hlte 38 verschiedene Bl\u00fcten- und Naturstoffe aus. Die gewonnenen Naturstoffe werden zun\u00e4chst als Konzentrate in speziellen Fl\u00e4schchen, den sogenannten Stock-Bottles, aufbewahrt und bei Bedarf verd\u00fcnnt. Zum Verd\u00fcnnen nimmt man entweder Alkohol oder bei Kindern besser Essig. Die verd\u00fcnnten Essenzen werden dann als Tropfen eingenommen.<\/p>\n<h6><strong>Die richtige Auswahl der Essenzen<\/strong><\/h6>\n<p>Welche von den insgesamt 38 zur Verf\u00fcgung stehenden Essenzen ausgew\u00e4hlt wird, richten sich nicht nach bestimmten k\u00f6rperlichen Beschwerden oder einem definierten Krankheitsbild. Die Auswahl orientiert sich vielmehr an der psychischen Verfassung des Betroffenen, die aufgrund gest\u00f6rter Energiefelder negativ beeinflusst wurde und bestimmte k\u00f6rperliche Beschwerden ausgel\u00f6st hat.<br \/>\nJede Essenz hat einen genau festgelegten Wirkungsbereich, der sich auf den Charakter, das Verhalten und die momentane emotionale Situation bezieht! Deshalb ist die Auswahl der entsprechenden Essenzen auf den Betroffenen individuell abzustimmen. Auch eine Kombination verschiedener Bachbl\u00fcten ist durchaus m\u00f6glich.<\/p>\n<p>Eine besondere Mischung sind die sogenannten Rescue- oder auch Notfalltropfen. Diese Mischung besteht aus f\u00fcnf verschiedenen Bachbl\u00fcten (Cherry Plum, Clematis, Impatiens, Rock Rose und Star of Bethlehem) und gilt als \u201eErste-Hilfe-Mittel\u201d.<br \/>\nDiese Notfalltropfen unterst\u00fctzen den K\u00f6rper bei allen beginnenden Erkrankungen oder in Notfall-Situationen (z. B: Ohnmacht, Angst und Panikzust\u00e4nden, Herz- Kreislaufbeschwerden).<\/p>\n<p>&nbsp;<\/p>\n<p><center><strong>Achtung: Diese Notfalltropfen ersetzen weder eine ausf\u00fchrliche Untersuchung, noch eine zus\u00e4tzliche Therapie!<\/strong><\/center>&nbsp;<\/p>\n<h6><strong>Die 7 grundlegenden Wirkungsbereiche der Bachbl\u00fcten:<\/strong><\/h6>\n<ul>\n<li>Angst<\/li>\n<li>Unsicherheit<\/li>\n<li>Mangelndes Interesse an der Gegenwart<\/li>\n<li>Einsamkeit<\/li>\n<li>\u00dcberempfindlichkeit bei \u00e4u\u00dferen Einfl\u00fcssen und Ideen<\/li>\n<li>Mutlosigkeit und Verzweiflung<\/li>\n<li>\u00dcbergro\u00dfe Sorge auch um das Wohl Anderer<\/li>\n<\/ul>\n<h6><strong>Wirken Bachbl\u00fcten auch bei Tieren?<\/strong><\/h6>\n<p>Ja! Vielen Tieren wurde bereits mit Bachbl\u00fcten wunderbar geholfen &#8211; ganz \u201enebenbei\u201d auch ihren Besitzern. Diese sehr gute Wirksamkeit nimmt auch den Gegnern dieser Therapieform viel Wind aus den Segeln, da Tieren ein Placebo-Effekt wohl kaum eingeredet werden kann.<\/p>\n","protected":false},"excerpt":{"rendered":"<p>Bachbl\u00fctentherapie Auf der Suche nach einer nat\u00fcrlichen, nebenwirkungsfreien und g\u00fcnstigen Medizin entwickelte der englische Arzt Edward Bach um 1930 die Bachbl\u00fctentherapie. Dabei handelt es sich um eine ganzheitliche Heilmethode, die mit Hilfe von Essenzen aus den Bl\u00fcten wildwachsender Pflanzen Krankheiten entgegenwirken. Wie funktioniert die Bachbl\u00fctentherapie? Der Bachbl\u00fcten-Gedanke geht davon aus, &hellip;<\/p>\n","protected":false},"author":1,"featured_media":0,"parent":44,"menu_order":0,"comment_status":"closed","ping_status":"closed","template":"","meta":{"ngg_post_thumbnail":0,"jetpack_post_was_ever_published":false,"footnotes":""},"class_list":["post-185","page","type-page","status-publish","hentry"],"jetpack_sharing_enabled":true,"jetpack_shortlink":"https:\/\/wp.me\/P9mn1c-2Z","_links":{"self":[{"href":"https:\/\/physiopraxis-eichinger.de\/wordpress\/wp-json\/wp\/v2\/pages\/185","targetHints":{"allow":["GET"]}}],"collection":[{"href":"https:\/\/physiopraxis-eichinger.de\/wordpress\/wp-json\/wp\/v2\/pages"}],"about":[{"href":"https:\/\/physiopraxis-eichinger.de\/wordpress\/wp-json\/wp\/v2\/types\/page"}],"author":[{"embeddable":true,"href":"https:\/\/physiopraxis-eichinger.de\/wordpress\/wp-json\/wp\/v2\/users\/1"}],"replies":[{"embeddable":true,"href":"https:\/\/physiopraxis-eichinger.de\/wordpress\/wp-json\/wp\/v2\/comments?post=185"}],"version-history":[{"count":4,"href":"https:\/\/physiopraxis-eichinger.de\/wordpress\/wp-json\/wp\/v2\/pages\/185\/revisions"}],"predecessor-version":[{"id":503,"href":"https:\/\/physiopraxis-eichinger.de\/wordpress\/wp-json\/wp\/v2\/pages\/185\/revisions\/503"}],"up":[{"embeddable":true,"href":"https:\/\/physiopraxis-eichinger.de\/wordpress\/wp-json\/wp\/v2\/pages\/44"}],"wp:attachment":[{"href":"https:\/\/physiopraxis-eichinger.de\/wordpress\/wp-json\/wp\/v2\/media?parent=185"}],"curies":[{"name":"wp","href":"https:\/\/api.w.org\/{rel}","templated":true}]}}