{"id":183,"date":"2017-11-10T12:39:10","date_gmt":"2017-11-10T11:39:10","guid":{"rendered":"http:\/\/physiopraxis-eichinger.de\/wordpress\/?page_id=183"},"modified":"2017-11-14T16:54:09","modified_gmt":"2017-11-14T15:54:09","slug":"dorn-breuss-methode","status":"publish","type":"page","link":"https:\/\/physiopraxis-eichinger.de\/wordpress\/alternative-physiotherapie\/dorn-breuss-methode\/","title":{"rendered":"Dorn-Breuss-Methode"},"content":{"rendered":"<h5>Dorn-Breuss-Methode &#8211; Der sanfte Weg zum gesunden R\u00fccken<\/h5>\n<h6><strong>Dorn-Methode<\/strong><\/h6>\n<p>Die Dorn-Methode ist eine sanfte manuelle Behandlungsmethode, mit der sich Wirbel- und Gelenkblockaden rasch und dauerhaft beheben lassen. In erster Linie lassen sich also Beschwerden des Bewegungsapparats erfolgreich behandeln.&nbsp;<br \/>\nDiese w\u00e4ren zum Beispiel:<\/p>\n<ul>\n<li>Beinl\u00e4ngendifferenzen<\/li>\n<li>H\u00fcftverwringungen<\/li>\n<li>Beckenschiefst\u00e4nde<\/li>\n<li>Wirbelblockaden<\/li>\n<li>subluxierte Gelenke<\/li>\n<li>Skoliosen und Kreuz-Darmbeingelenk(ISG)- Blockaden<\/li>\n<li>uvm &#8230;<\/li>\n<\/ul>\n<p>Reflexiv bekommt man \u00fcber Hautzonen und Energiebahnen auch eine positive Wirkung auf&nbsp;<b>Erkrankungen <\/b><strong>der inneren Organe<\/strong><b>.<\/b><\/p>\n<p>Bei der Dorn-Methode erfolgt das Richtigstellen der Gelenke in der Bewegung.<br \/>\nSanft bezieht sich auf das Arbeiten mit den H\u00e4nden. Leider bedeutet sanft nicht immer dass die Behandlung schmerzfrei abl\u00e4uft da die verspannten Muskeln an den behandlungsbed\u00fcrftigen Gelenken oft druckschmerzhaft sind. Nach der richtigen Behandlung l\u00e4sst der Druckschmerz jedoch nach &#8211; ein gutes Zeichen daf\u00fcr dass eine Blockade behoben wurde.<\/p>\n<p>Das Hauptprinzip der Dorn-Therapie wird durch das Bild \u201edas Haus von unten aufbauen\u201d gut beschrieben. Wenn Beine und Becken kein gerades und stabiles Fundament bilden, entstehen Wirbelblockaden oder Skoliosen. Wie bei dem schiefen Haus mu\u00df zun\u00e4chst das \u201eFundament\u201d gerichtet werden, um einen dauerhaften Behandlungserfolg zu erm\u00f6glichen.<\/p>\n<p>Mit der Behandlung durch den Therapeuten allein ist es allerdings nicht getan:<br \/>\nDer Patient sollte durch einfache regelm\u00e4\u00dfige \u00dcbungen, die er t\u00e4glich selbst\u00e4ndig durchf\u00fchrt, daf\u00fcr sorgen, dass sein \u201eFundament\u201d gerade bleibt. Dies ist notwendig, weil der K\u00f6rper sich an die \u201efalschen\u201d Gelenkstellungen gew\u00f6hnt hat und die \u201erichtigen\u201d Stellungen noch instabil sind. Durch die \u00dcbungen bekommt der K\u00f6rper immer wieder Impulse, die richtigen Gelenkstellungen beizubehalten<\/p>\n<h6><strong>Breuss-Massage<\/strong><\/h6>\n<p>Die Breuss-Massage ist eine feine&nbsp;<strong>energetische Wirbels\u00e4ulenmassage<\/strong>, die ihre Anwendung vor oder nach einer Dorn-Behandlung, aber auch als selbst\u00e4ndige Therapiemethode findet.<br \/>\n<em><b>Sie bewirkt eine sanfte Lockerung, Energetisierung und Streckung der Wirbels\u00e4ule und des Kreuzbeins und ist bei Bandscheibenleiden besonders angezeigt! <\/b><\/em>Breuss war der \u00dcberzeugung, dass es keine degenerierten, sondern lediglich unterversorgte Bandscheiben gibt.<br \/>\nDurch die spezielle Massage und das in gro\u00dfer Menge einmassierte Johanniskraut\u00f6l, sollen das Gewebe und insbesondere die Bandscheiben wieder elastisch und geschmeidig werden. Wissenschaftlich bewiesen ist diese Theorie nicht, die Erfahrung in der t\u00e4glichen Praxis best\u00e4tigt jedoch die Wirksamkeit. Das verwendete Johanniskraut\u00f6l als Tr\u00e4ger der Sonnenenergie, wirkt auf die Nerven, gegen Schmerzen und Verspannungen, bei Verletzungen, Entz\u00fcndungen und Schwellungen. Die Breuss Massage wirkt dar\u00fcber hinaus auch allgemein entspannend, schmerzlindernd und wohltuend auf K\u00f6rper, Seele und Geist.<\/p>\n<p>Indikationen sind unter anderem:<\/p>\n<ul>\n<li>Bandscheibenleiden<\/li>\n<li>Schlafst\u00f6rungen<\/li>\n<li>Schmerzsyndrome<\/li>\n<li>Angstzust\u00e4nd<\/li>\n<li>Depressionen<\/li>\n<li>Verspannungen<\/li>\n<li>Hyperaktivit\u00e4t bei Kindern<\/li>\n<li>Ber\u00fchrungs\u00e4ngste<\/li>\n<li>u.v.m &#8230;<\/li>\n<\/ul>\n","protected":false},"excerpt":{"rendered":"<p>Dorn-Breuss-Methode &#8211; Der sanfte Weg zum gesunden R\u00fccken Dorn-Methode Die Dorn-Methode ist eine sanfte manuelle Behandlungsmethode, mit der sich Wirbel- und Gelenkblockaden rasch und dauerhaft beheben lassen. In erster Linie lassen sich also Beschwerden des Bewegungsapparats erfolgreich behandeln.&nbsp; Diese w\u00e4ren zum Beispiel: Beinl\u00e4ngendifferenzen H\u00fcftverwringungen Beckenschiefst\u00e4nde Wirbelblockaden subluxierte Gelenke Skoliosen und &hellip;<\/p>\n","protected":false},"author":1,"featured_media":0,"parent":44,"menu_order":0,"comment_status":"closed","ping_status":"closed","template":"","meta":{"ngg_post_thumbnail":0,"jetpack_post_was_ever_published":false,"footnotes":""},"class_list":["post-183","page","type-page","status-publish","hentry"],"jetpack_sharing_enabled":true,"jetpack_shortlink":"https:\/\/wp.me\/P9mn1c-2X","_links":{"self":[{"href":"https:\/\/physiopraxis-eichinger.de\/wordpress\/wp-json\/wp\/v2\/pages\/183","targetHints":{"allow":["GET"]}}],"collection":[{"href":"https:\/\/physiopraxis-eichinger.de\/wordpress\/wp-json\/wp\/v2\/pages"}],"about":[{"href":"https:\/\/physiopraxis-eichinger.de\/wordpress\/wp-json\/wp\/v2\/types\/page"}],"author":[{"embeddable":true,"href":"https:\/\/physiopraxis-eichinger.de\/wordpress\/wp-json\/wp\/v2\/users\/1"}],"replies":[{"embeddable":true,"href":"https:\/\/physiopraxis-eichinger.de\/wordpress\/wp-json\/wp\/v2\/comments?post=183"}],"version-history":[{"count":4,"href":"https:\/\/physiopraxis-eichinger.de\/wordpress\/wp-json\/wp\/v2\/pages\/183\/revisions"}],"predecessor-version":[{"id":351,"href":"https:\/\/physiopraxis-eichinger.de\/wordpress\/wp-json\/wp\/v2\/pages\/183\/revisions\/351"}],"up":[{"embeddable":true,"href":"https:\/\/physiopraxis-eichinger.de\/wordpress\/wp-json\/wp\/v2\/pages\/44"}],"wp:attachment":[{"href":"https:\/\/physiopraxis-eichinger.de\/wordpress\/wp-json\/wp\/v2\/media?parent=183"}],"curies":[{"name":"wp","href":"https:\/\/api.w.org\/{rel}","templated":true}]}}