{"id":122,"date":"2017-11-09T20:11:47","date_gmt":"2017-11-09T19:11:47","guid":{"rendered":"http:\/\/physiopraxis-eichinger.de\/wordpress\/?page_id=122"},"modified":"2022-11-10T20:18:07","modified_gmt":"2022-11-10T19:18:07","slug":"tiefenkommunikation","status":"publish","type":"page","link":"https:\/\/physiopraxis-eichinger.de\/wordpress\/persoenlichkeitsentwicklung\/tiefenkommunikation\/","title":{"rendered":"Tiefenkommunikation"},"content":{"rendered":"<h5>Tiefenkommunikation <\/h5>\n<p><strong>(Kommunikation mit dem Unterbewusstsein)<\/strong><br \/>\nIn extremen Stresssituationen (z.B. Unfall, Vergewaltigung, Trauerfall, Trennung, usw.) f\u00e4llt der Mensch in eine nat\u00fcrliche Trance.<br \/>\nHierbei tritt eine Spontanamnesie (ein Erinnerungsverlust) als Schutzfunktion ein. In diesem ver\u00e4nderten Bewusstseinszustand der Trance verankert sich der Stress (z.b. in Form von Angst, Panik, Wut, Trauer, Entt\u00e4uschung, usw.) direkt im Unterbewusstsein.<\/p>\n<h6><strong>Warum Tiefenkommunikation?<\/strong><\/h6>\n<p>Im entspannten Zustand r\u00fcckt das Bewusstsein in den Hintergrund, das Unter-<br \/>\nbewusstsein in den Vordergrund. Hierbei k\u00f6nnen negative Speicherung genau in den Hirnregionen aufgel\u00f6st werden, in denen sie verankert sind. Eine Neuprogrammierung durch Suggestionen \u00f6ffnet den Selbstheilungskr\u00e4ften den Weg.<\/p>\n<h6><strong>Anwendungsgebiete:<\/strong><\/h6>\n<p><em>Beeinflussung von autonom ablaufenden Prozessen des menschlichen K\u00f6rpers<\/em><\/p>\n<ul>\n<li>Verdauungssystem (Magen- und Darmprobleme)<\/li>\n<li>T\u00e4tigkeit von Hormondr\u00fcsen (Schilddr\u00fcsenprobleme, Diabetes, Wechseljahrprobleme, uvm.)<\/li>\n<li>Aktivierung der Selbstheilungskr\u00e4fte (Allergien, Erk\u00e4ltungen, Autoimmunerkrankungen)<\/li>\n<li>Hautprobleme (Schuppenflechte, Wundheilungsst\u00f6rungen)<\/li>\n<li>Herz-Kreislauf (Blutdruckprobleme)<\/li>\n<li>Atmungssystem (Atemnot, Asthma)<\/li>\n<li>Stresssymptomen (Entspannung bei Schlafproblemen, Burn-out)<\/li>\n<li>Probleme im Kopfbereich (Migr\u00e4ne, Tinnitus, Schwindel)<\/li>\n<\/ul>\n<p><em>Suchttherapie und Schmerzbehandlung,<\/em><\/p>\n<ul>\n<li>Raucherentw\u00f6hnung<\/li>\n<li>Gewichtsregulierung<\/li>\n<li>L\u00f6sen von chronischen Schmerzzust\u00e4nden<\/li>\n<\/ul>\n<p>Tiefenkommunikation wird mittlerweile auch bei Zahnarztbesuchen und Entbindungen eingesetzt, sowie zur unterst\u00fctzenden Behandlung bei der Krebstherapie und chronischen Schmerzzust\u00e4nden.<\/p>\n<p><em>Psychoanalytischer Bereich<\/em><\/p>\n<p>Schon Sigmund Freud wusste, dass der Mensch durch Hypnose Zugang zu versch\u00fctteten Erinnerungen aus der Kindheit oder anderen Erinnerungen erh\u00e4lt, die auf diese Weise wiedererinnert und verarbeitet werden k\u00f6nnen (Regression-Reinkarnation).<\/p>\n<ul>\n<li>Aufarbeitung von Traumata mit Hilfe von R\u00fcckf\u00fchrungen<\/li>\n<\/ul>\n<p><em>L\u00f6sen von \u00c4ngsten und Phobien<\/em><\/p>\n<p>Hierbei l\u00e4sst der Therapeut seinen Patienten charakteristische Alltagssituationen visualisieren und ermutigt ihn dann, in diesen Situationen auf neue, selbstbewusste Art zu reagieren, z.B.:<\/p>\n<ul>\n<li>\u00c4ngste vor Pr\u00fcfungen, Zahnarzt, Tieren, Flugzeugen, Aufz\u00fcgen<\/li>\n<li>Selbstbewu\u00dftseinsteigerung, Motivationssteigerung<\/li>\n<\/ul>\n<p>Besonders bei unerkl\u00e4rlichen Angst- und Panikzust\u00e4nden kann die Tiefenkommunikation zur Kl\u00e4rung der Ursachen und dann, im zweiten Schritt, zur Aufl\u00f6sung der \u00c4ngste beitragen.<\/p>\n<p>Als unterst\u00fctzende Therapie kann Tiefenkommunikation bei allen Krankheitsformen mit k\u00f6rperlichen, emotionalen, mentalen und energetischen Ursachen angewendet werden.<\/p>\n<p><img loading=\"lazy\" decoding=\"async\" class=\"size-full wp-image-280 alignleft\" src=\"https:\/\/physiopraxis-eichinger.de\/wordpress\/wp-content\/uploads\/2017\/11\/kann-will-werde.jpg\" alt=\"\" width=\"263\" height=\"171\"><br \/>\n&nbsp;<br \/>\n<strong>DER EIGENE WUNSCH UND WILLE DES PATIENTEN,<br \/>\nSEINE SITUATION \u00c4NDERN ZU WOLLEN,<br \/>\nIST DABEI ABSOLUT NOTWENDIG!<\/strong><\/p>\n<p>&nbsp;<\/p>\n<p style=\"text-align: center;\"><strong>\u00c4ndert man die Programmierung auf der Ursachenebene (= dem Unterbewu\u00dftsein),<br \/>\nso \u00e4ndert sich automatisch das Verhalten auf der Auswirkungsebene (= dem Bewu\u00dftsein)<\/strong><\/p>\n<p>&nbsp;<\/p>\n","protected":false},"excerpt":{"rendered":"<p>Tiefenkommunikation (Kommunikation mit dem Unterbewusstsein) In extremen Stresssituationen (z.B. Unfall, Vergewaltigung, Trauerfall, Trennung, usw.) f\u00e4llt der Mensch in eine nat\u00fcrliche Trance. Hierbei tritt eine Spontanamnesie (ein Erinnerungsverlust) als Schutzfunktion ein. In diesem ver\u00e4nderten Bewusstseinszustand der Trance verankert sich der Stress (z.b. in Form von Angst, Panik, Wut, Trauer, Entt\u00e4uschung, usw.) &hellip;<\/p>\n","protected":false},"author":1,"featured_media":0,"parent":54,"menu_order":20,"comment_status":"closed","ping_status":"closed","template":"","meta":{"ngg_post_thumbnail":0,"jetpack_post_was_ever_published":false,"footnotes":""},"class_list":["post-122","page","type-page","status-publish","hentry"],"jetpack_sharing_enabled":true,"jetpack_shortlink":"https:\/\/wp.me\/P9mn1c-1Y","_links":{"self":[{"href":"https:\/\/physiopraxis-eichinger.de\/wordpress\/wp-json\/wp\/v2\/pages\/122","targetHints":{"allow":["GET"]}}],"collection":[{"href":"https:\/\/physiopraxis-eichinger.de\/wordpress\/wp-json\/wp\/v2\/pages"}],"about":[{"href":"https:\/\/physiopraxis-eichinger.de\/wordpress\/wp-json\/wp\/v2\/types\/page"}],"author":[{"embeddable":true,"href":"https:\/\/physiopraxis-eichinger.de\/wordpress\/wp-json\/wp\/v2\/users\/1"}],"replies":[{"embeddable":true,"href":"https:\/\/physiopraxis-eichinger.de\/wordpress\/wp-json\/wp\/v2\/comments?post=122"}],"version-history":[{"count":12,"href":"https:\/\/physiopraxis-eichinger.de\/wordpress\/wp-json\/wp\/v2\/pages\/122\/revisions"}],"predecessor-version":[{"id":301,"href":"https:\/\/physiopraxis-eichinger.de\/wordpress\/wp-json\/wp\/v2\/pages\/122\/revisions\/301"}],"up":[{"embeddable":true,"href":"https:\/\/physiopraxis-eichinger.de\/wordpress\/wp-json\/wp\/v2\/pages\/54"}],"wp:attachment":[{"href":"https:\/\/physiopraxis-eichinger.de\/wordpress\/wp-json\/wp\/v2\/media?parent=122"}],"curies":[{"name":"wp","href":"https:\/\/api.w.org\/{rel}","templated":true}]}}